st the prime factors of 512938.
2, 256469
What are the prime factors of 592863?
3, 197621
List the prime factors of 349823.
353, 991
List the prime factors of 1899449.
19, 99971
List the prime factors of 142316.
2, 47, 757
What are the prime factors of 3486200?
2, 5, 17431
List the prime factors of 270858.
2, 3, 7, 6449
What are the prime factors of 5797832?
2, 724729
List the prime factors of 104494.
2, 13, 4019
List the prime factors of 161848.
2, 20231
List the prime factors of 174245.
5, 34849
List the prime factors of 5037894.
2, 3, 279883
What are the prime factors of 57457?
57457
What are the prime factors of 167478?
2, 3, 103, 271
What are the prime factors of 493671?
3, 79, 2083
List the prime factors of 3057706.
2, 1528853
List the prime factors of 1468426.
2, 17, 43189
List the prime factors of 370840.
2, 5, 73, 127
List the prime factors of 472316.
2, 13, 31, 293
What are the prime factors of 796343?
41, 19423
List the prime factors of 24887131.
19, 1309849
What are the prime factors of 9330299?
11, 47, 18047
What are the prime factors of 761966?
2, 380983
List the prime factors of 28843398.
2, 3, 534137
What are the prime factors of 29833110?
2, 3, 5, 12277
What are the prime factors of 25878?
2, 3, 19, 227
What are the prime factors of 1080646?
2, 7, 11027
List the prime factors of 14219452.
2, 13, 31, 8821
List the prime factors of 240187.
181, 1327
What are the prime factors of 937526?
2, 23, 89, 229
What are the prime factors of 69080?
2, 5, 11, 157
List the prime factors of 2221794.
2, 3, 123433
List the prime factors of 1595389.
1595389
What are the prime factors of 762593?
13, 58661
What are the prime factors of 2135124?
2, 3, 127, 467
List the prime factors of 447953.
11, 193, 211
List the prime factors of 992011.
992011
What are the prime factors of 108316?
2, 13, 2083
What are the prime factors of 207721?
207721
List the prime factors of 84509.
84509
List the prime factors of 766611.
3, 28393
What are the prime factors of 20131466?
2, 10065733
List the prime factors of 9133356.
2, 3, 761113
List the prime factors of 534413.
11, 19, 2557
List the prime factors of 2731552.
2, 85361
List the prime factors of 4470628.
2, 1117657
List the prime factors of 15035343.
3, 5011781
What are the prime factors of 400934?
2, 200467
List the prime factors of 1932221.
53, 36457
List the prime factors of 2368540.
2, 5, 19, 23, 271
What are the prime factors of 2179125?
3, 5, 13, 149
List the prime factors of 122590.
2, 5, 13, 23, 41
List the prime factors of 2420152.
2, 7, 23, 1879
What are the prime factors of 9495?
3, 5, 211
What are the prime factors of 485476?
2, 121369
What are the prime factors of 15251288?
2, 13, 146647
List the prime factors of 1124231.
101, 11131
What are the prime factors of 24708233?
11, 23, 61, 1601
List the prime factors of 1688703.
3, 562901
List the prime factors of 4375379.
43, 97, 1049
List the prime factors of 12523316.
2, 13, 23, 37, 283
What are the prime factors of 187530?
2, 3, 5, 7, 19, 47
What are the prime factors of 66745?
5, 7, 1907
List the prime factors of 807319.
47, 89, 193
What are the prime factors of 4298314?
2, 17, 126421
What are the prime factors of 8745051?
3, 7, 89, 4679
What are the prime factors of 37869?
3, 13, 971
What are the prime factors of 1004302?
2, 13, 19, 107
List the prime factors of 80864.
2, 7, 19
List the prime factors of 65014.
2, 32507
What are the prime factors of 3791696?
2, 236981
What are the prime factors of 2906531?
41, 70891
List the prime factors of 3240823.
647, 5009
What are the prime factors of 162062?
2, 81031
List the prime factors of 508212.
2, 3, 19, 743
What are the prime factors of 457687?
457687
What are the prime factors of 1990893?
3, 663631
List the prime factors of 154636.
2, 67, 577
What are the prime factors of 1730327?
31, 55817
List the prime factors of 219534.
2, 3, 7, 5227
List the prime factors of 225754.
2, 112877
What are the prime factors of 364249?
19, 1009
What are the prime factors of 474820?
2, 5, 23741
What are the prime factors of 9204532?
2, 929, 2477
What are the prime factors of 979382?
2, 489691
List the prime factors of 20958459.
3, 2311, 3023
List the prime factors of 334846.
2, 167423
What are the prime factors of 1471296?
2, 3, 79, 97
What are the prime factors of 150854?
2, 11, 6857
What are the prime factors of 1154825?
5, 7, 6599
What are the prime factors of 177750?
2, 3, 5, 79
What are the prime factors of 9597698?
2, 11, 19, 22961
What are the prime factors of 321851?
321851
List the prime factors of 964865.
5, 11, 53, 331
What are the prime factors of 6862526?
2, 11, 17, 59, 311
List the prime factors of 3982624.
2, 17, 7321
List the prime factors of 68349.
3, 22783
What are the prime factors of 6239246?
2, 13, 31, 7741
List the prime factors of 51575.
5, 2063
List the prime factors of 365238.
2, 3, 103, 197
List the prime factors of 673294.
2, 43, 7829
What are the prime factors of 21045670?
2, 5, 2104567
What are the prime factors of 335748?
2, 3, 7, 571
List the prime factors of 695598.
2, 3, 115933
List the prime factors of 1549374.
2, 3, 19, 13591
List the prime factors of 4263731.
4263731
List the prime factors of 6472442.
2, 3236221
What are the prime factors of 77261?
77261
List the prime factors of 425920.
2, 5, 11
List the prime factors of 296538.
2, 3, 11, 4493
List the prime factors of 1533932.
2, 383483
What are the prime factors of 1181602?
2, 17, 23, 1511
List the prime factors of 794686.
2, 37, 10739
List the prime factors of 5609613.
3, 1869871
List the prime factors of 408886.
2, 204443
What are the prime factors of 367707?
3, 19, 6451
What are the prime factors of 1295082?
2, 3, 29, 827
List the prime factors of 5305363.
7, 757909
List the prime factors of 56717.
43, 1319
What are the prime factors of 1525668?
2, 3, 127139
List the prime factors of 11107610.
2, 5, 31, 35831
What are the prime factors of 271706?
2, 73, 1861
What are the prime factors of 109983?
3, 61, 601
List the prime factors of 2927318.
2, 29, 41, 1231
List the prime factors of 23207930.
2, 5, 19, 122147
What are the prime factors of 40416?
2, 3, 421
What are the prime factors of 270326?
2, 7, 19309
List the prime factors of 299173.
7, 79, 541
What are the prime factors of 918820?
2, 5, 7, 6563
List the prime factors of 2395193.
2395193
List the prime factors of 7599016.
2, 23, 41299
What are the prime factors of 9036953?
23, 392911
What are the prime factors of 41076?
2, 3, 7, 163
List the prime factors of 956587.
956587
What are the prime factors of 14055706?
2, 7, 19, 53, 997
List the prime factors of 12093219.
3, 173, 863
What are the prime factors of 1780353?
3, 233, 283
What are the prime factors of 316245?
3, 5, 29, 727
What are the prime factors of 462563?
61, 7583
What are the prime factors of 1747493?
11, 158863
What are the prime factors of 2750417?
67, 41051
What are the prime factors of 208803?
3, 7, 61, 163
What are the prime factors of 3132681?
3, 1044227
What are the prime factors of 346985?
5, 29, 2393
What are the prime factors of 368211?
3, 139, 883
What are the prime factors of 22288548?
2, 3, 59, 31481
List the prime factors of 6736083.
3, 31, 72431
What are the prime factors of 1142162?
2, 7, 17, 4799
What are the prime factors of 1015289?
11, 23, 4013
List the prime factors of 413870.
2, 5, 41387
What are the prime factors of 19822423?
31, 639433
What are the prime factors of 330299?
37, 79, 113
List the prime factors of 9341939.
19, 53, 9277
List the prime factors of 7898454.
2, 3, 73, 6011
List the prime factors of 5645252.
2, 1411313
What are the prime factors of 2543152?
2, 53, 2999
List the prime factors of 128458.
2, 11, 5839
What are the prime factors of 12089073?
3, 19, 131, 1619
List the prime factors of 335203.
11, 31, 983
What are the prime factors of 15696058?
2, 7, 1121147
List the prime factors of 17148335.
5, 3429667
List the prime factors of 2734037.
47, 58171
What are the prime factors of 263055?
3, 5, 13, 19, 71
List the prime factors of 1216255.
5, 43, 5657
What are the prime factors of 6127324?
2, 7, 218833
What are the prime factors of 5735314?
2, 13, 220589
What are the prime factors of 239674?
2, 293, 409
What are the prime factors of 26316342?
2, 3, 13, 41, 211
What are the 